2/2 - 30*r - 1103. Give b(38).
8
Let z(j) = 20*j - 9. Let q = -3314 + 3316. Determine z(q).
31
Suppose 976*l - 6 = 978*l. Suppose -33 = -2*u - 5*y, -10 = -3*u - 2*y + 12. Let c(h) = -5*h**2 - u*h - h + 1 + 2 + 4*h**2. Give c(l).
9
Let b(d) = d - 4. Suppose 4*r = 4 + 4. Suppose -55 = 5*s + 3*y, 2*s - 3*s = r*y + 18. Calculate b(s).
-12
Let c(w) = w**2 - 12*w + 9. Let a be c(12). Let g(y) = -24*y - 2*y**3 + 4*y**2 + a*y + 3 + 10*y + 3*y**3. Let j(h) = -2*h + 3. Let b be j(4). What is g(b)?
3
Let n(a) be the third derivative of 0*a**3 - 1/24*a**4 + 0*a + 0 - 2*a**2. Suppose c + 10 = 2*m, -5*m + c + 25 = -c. Determine n(m).
-5
Let v(n) be the first derivative of 5*n**3/3 + 2*n**2 - 2*n + 2687. What is v(1)?
7
Let t(v) = 14*v - 31. Let g(s) = -2*s - 37. Let d(r) = -2*g(r) - t(r). What is d(7)?
35
Let w be 19 + -13 - (0 + -245). Let a(r) = 234*r**2 + 6 - 486*r**2 + w*r**2 + 1. Calculate a(-4).
-9
Let n = -623 - -625. Suppose 71*d - 67*d + 2 = -n*u, 33 = 4*d - 5*u. Let g(f) be the first derivative of -2*f**2 + 3*f + 1. What is g(d)?
-5
Let s(z) = -1 + 4*z - 11*z**2 - 4*z. Let i(d) = -3*d + 39. Let x be i(14). Let h be 3/(-9) + 2/x. Determine s(h).
-12
Let n(y) = y**2 + 15*y - 9. Suppose 128 = -122*t - 726. Give n(t).
-65
Let b(d) be the third derivative of d**5/60 + d**4/12 - 5*d**3/3 - 3*d**2 + 67*d. Give b(-4).
-2
Let v(s) = s**3 + 4*s**2 - 2*s - 1. Suppose -8*o - z = -11*o - 23, 0 = 4*z - 20. Suppose 0 = 5*b - 3*b + 32. Let n be b/4 + 2 + o/3. Calculate v(n).
7
Let o(b) = 2*b + 1. Suppose -17 = -2*k + 6*q - q, 8 = 5*k - q. Let s(j) = 9*j + 4. Let h(a) = k*s(a) - 4*o(a). Give h(0).
0
Let y(s) = -21*s - 2 - 9*s + 3 + 29*s. Let a(i) = i - 5. Let t(q) = 2*a(q) + 4*y(q). Give t(6).
-18
Let l(f) = -2*f**3 + 41*f**2 + 22*f - 30. Suppose -r = 3*y - 65, 4*y - 73 = -4*r + 19. Let a be l(y). Let z(m) = -m**3 - 9*m**2 + 5. Determine z(a).
5
Let j(l) = 3*l**3 - l**2 + 2*l - 5. Suppose 3*z - 4*p + 6*p = 124, 209 = 5*z + p. Suppose 44*i - z*i = 0. What is j(i)?
-5
Let d(q) be the second derivative of q**6/120 - q**5/120 + q**4/12 + 4*q**3/3 - 110*q. Let v(x) be the second derivative of d(x). Calculate v(1).
4
Let y(w) = w**3 + 21*w**2 + 41*w + 55. Let l be y(-19). Let d = -10 + 12. Let n(h) = 5*h**2 + 3*h - 3*h**d - 5 - 1 + 9 + h**3. Determine n(l).
-3
Let b(m) be the third derivative of -m**5/60 + 11*m**4/24 - 11*m**3/3 + 3*m**2 - 974*m + 2. What is b(10)?
-12
Let k(u) = -u + 1. Let w be (-172)/(-301) - 11/7. Let x be (2 - 0)*(7 + w + -8). Calculate k(x).
5
Let g(z) = 25*z**3 - z + 2. Let l be (3/9)/((-2)/21 - (-204)/476). What is g(l)?
26
Let r(j) = -15*j - 28. Let m be r(-12). Suppose 5*q = 222 - m. Let y(z) = 4*z - 16*z + q*z - 1. What is y(5)?
9
Suppose k = -4*m - 25, 29*k = 27*k + 5*m + 28. Let a(n) = -15*n**3 - 2*n - 2. Determine a(k).
15
Let m(x) = x. Let f(q) = 14*q**2 - 4*q. Let l(r) = -f(r) - 3*m(r). Let h(b) = 31*b + 61. Let c be h(-2). What is l(c)?
-15
Suppose 4*y + 37*k - 14 = 35*k, 4*y = 5*k - 35. Let f(r) = -r**2 - 5*r + 57. What is f(y)?
57
Suppose 29*g = -208 - 82. Let v(t) = 8*t + 78. What is v(g)?
-2
Let z(j) = -j**2 + j - 3. Let x = 324 - 354. Let w be (-31)/1 - (3 + -4). Let b = w - x. Calculate z(b).
-3
Let w(b) = -3*b + 222. Let y be w(30). Let q = y - 126. Let f(i) be the third derivative of i**4/24 - 7*i**3/6 - i**2. What is f(q)?
-1
Let q(u) be the second derivative of -9*u - 13/6*u**3 + 0*u**4 + 0 + 0*u**2 - 1/120*u**5. Let l(z) be the second derivative of q(z). What is l(1)?
-1
Suppose 8*w - 1333 = 1235. Let i(p) = -w*p + 631*p + 3 - 322*p. What is i(2)?
-21
Let m(s) be the third derivative of -s**5/30 + s**4/8 + 22*s**3/3 - 2652*s**2. Calculate m(-6).
-46
Let g(t) = -7*t**3 + 10*t**2 + 12*t + 7. Let j be (76/(-95))/(0 + (-4)/30). Let o(y) = -y**3 + y**2 + 2*y + 1. Let d(k) = j*o(k) - g(k). Calculate d(2).
-9
Let y = -329 - -335. Let a be (-1 + y)*(96/60 - 1). Let n(r) = -9*r - 2. Give n(a).
-29
Let j(f) = 3*f**3 + f - 1. Let u be j(1). Let p(k) = u*k - k + 2*k + 11 - 12. Let v(r) = r**2 - 23*r - 2. Let m be v(23). Calculate p(m).
-9
Let z be -3 + (3 - -4) - (26 + -11). Let o(x) = -x**3 - 10*x**2 + 14*x - 7. Give o(z).
-40
Let w(h) = 62*h + 16. Let p(d) = 54*d + 17. Let i(g) = 9*p(g) - 8*w(g). Calculate i(3).
-5
Let w(c) = -307*c**3 - 2*c - 5 + 305*c**3 - c**2 - c - c**2. Let u be w(-2). Let j(p) = p**3 - u*p + 2*p + p**2 + 2 + 4*p. Give j(-3).
-7
Let k(o) = -3*o - 16. Suppose 3*p = 5*i + 4, 2*p = 11*i - 7*i + 2. Give k(p).
-25
Let i = -279 - -288. Let k(l) = 5 + 4*l - l - 3 + i*l + 2*l. Calculate k(-1).
-12
Let f(m) be the third derivative of -m**6/120 + m**5/60 + m**4/24 - 832*m**2. Determine f(-3).
33
Let v(x) = 3*x - 4*x - 7 - 3. Suppose -90264*m + 2328 + 180 = -90682*m. Calculate v(m).
-4
Suppose -4*t - 4 = 4*m, -2 = -m - 3. Let r(c) = -5*c**2 + 9*c**2 + 2 + t*c + c + c**2. Let h be r(-1). Let y(f) = -f**2 + 5*f + 6. Calculate y(h).
0
Suppose 2*r - k = 413, 3*k = -4*r + 502 + 309. Let y = r - 193. Let p(o) = -o**2 + 11*o - 3. What is p(y)?
-15
Suppose -3 = 2*z - t, 0 = 3*z - 5*t - 13 + 28. Let o(y) be the first derivative of -y**4/4 + y**3/3 - y**2 + 5*y - 4. Give o(z).
5
Let f(y) = 19*y**2 - 14*y + 12. Let n(v) = -52*v**2 + 38*v - 34. Let x(s) = 11*f(s) + 4*n(s). Suppose 0 = -3*h - 4*b + 13, 3*h - 2 = -2*b + 9. Determine x(h).
-1
Let a(i) = i - 10. Let r = 259 + -153. Suppose 4*b + r = 2*w, 3*b = -2*w - 52 - 31. Let v = b - -35. Determine a(v).
-2
Let s(i) = -9*i - 65. Let h(u) = 10*u + 47. Let q(a) = -5*h(a) - 4*s(a). Determine q(3).
-17
Let x(g) = -g - 22. Let n = -80 + 56. Let y be x(n). Let t be 5 + 0 - (y + 6 - 5). Let c(k) = -2*k**3 - k**2 - k + 1. Determine c(t).
-21
Let s(z) = -z**2 - 10*z - 5. Let h(f) = 12*f**2 - f - 1. Let b be h(-1). Let j be 4 - (20 - 17 - 12/2). Suppose j = b*x + 67. Calculate s(x).
20
Let w(r) = 0*r + 6 + 0*r - 3*r. Let x = -16 - -79. Suppose -64*y + x*y = -6. Give w(y).
-12
Let s be 15 + 3627/(-248) - (-43)/16*-2. Let r(t) = t**3 - t**2 - 11*t + 6. Determine r(s).
-89
Let j(o) be the first derivative of -3*o**2/2 + 11*o + 8684. Calculate j(2).
5
Let c(a) = 2 + 4*a + 1 - 2. Let m be (5 - 56/12)*12. Suppose l = -m*y - 8, -6 - 4 = 2*y - l. What is c(y)?
-11
Let s(q) = q**2 - 11. Let t(d) = 3 + 1 + 16*d - 1 + 13. Let m be t(-1). Calculate s(m).
-11
Let z(a) = a + 12. Let b be (-1 - -126)*(-48)/(-40). Let d = b - 150. Give z(d).
12
Let g(q) = 6*q**3 + 3*q**2 - q + 1. Suppose -16 = -127*d + 113 - 2. Determine g(d).
9
Let x(z) = -z**3 - 15*z**2 - 5. Let b(t) = -3*t**3 - 48*t**2 + t - 16. Let s(h) = 4*b(h) - 13*x(h). What is s(-4)?
-31
Let j(d) = -d - 2. Let g be ((-55)/(-3) + 7/(-21))*-2. Let h = 82 - 119. Let l = h - g. Determine j(l).
-1
Let b(j) = j**2 + 7*j + 12. Let l(p) = 18*p - 79. Let o be l(5). Suppose w + o = -a, -2*a - 8 = w - 6*w. Calculate b(a).
30
Let d(i) = -5*i. Let w be d(1). Let a(k) be the second derivative of -k**4/12 - 4*k**3/3 - 5*k**2/2 + 189*k. Calculate a(w).
10
Let z(q) = 939*q**2 - 919*q**2 + 19*q + 23 - 38 + q**3. Calculate z(-19).
-15
Let w(r) = -1. Let i(b) = 21*b + 40 + 44 - 87. Let l(d) = -i(d) + 4*w(d). Suppose 3*h + 5 = 2. What is l(h)?
20
Let v(f) = -8*f**3 - 8*f**2 - 45*f + 3. Let g(p) = -38*p**3 - 40*p**2 - 211*p + 16. Let y(n) = 3*g(n) - 14*v(n). Determine y(-3).
-3
Let r(t) = -13*t**2 + 8*t + 98. Let l(f) = 7*f**2 - 4*f - 53. Let v(o) = 11*l(o) + 6*r(o). Give v(6).
-7
Let m(i) = 2*i + 4. Suppose -d = 9*d - 80. Suppose 3*q - 16 = 7*q, -2*q = -j + d. Suppose -s + j = 5. Determine m(s).
-6
Let x be 2*((-5)/(-25))/((-6)/(-75)). Let m = 77 - 72. Let z(s) = 0*s**3 + 0*s**2 - s**3 + m*s**2 + 2*s + 140 - 144. What is z(x)?
6
Let u(p) = -p**3 - 10*p**2 - 11*p - 9. Suppose 4*y = a + 71, -y - y + 31 = -5*a. Suppose 4*l + 25 = -3*m - y, 2*m - 5*l = 2. Calculate u(m).
9
Suppose 0 = c - 4*l, 885 = -2*c + 2*l + 891. Let i(x) = x**3 - x**2 - 9*x - 13. What is i(c)?
-1
Let j(g) = g**3 + 17*g**2 + 28*g - 21. Let o(f) = -f**3 - 38*f**2 - 68*f + 129. Let c be o(-36). Calculate j(c).
9
Let n(v) = -105*v - 49. Let o be n(7). Let z = o - -797. Let d(t) = t - 12. What is d(z)?
1
Suppose 2*z - 4*z - 8 = 0. Let f(h) = h - 7 + 263*h**2 - 93*h**2 - 86*h**2 - 83*h**2 - 6. Let k be f(z). Let i(p) = -20*p. Determine i(k).
20
Suppose 22*h = -8*h - 97 - 473. Let j(u) = u**2 + 17*u - 24. Cal